{"id":105,"date":"2017-01-25T11:27:26","date_gmt":"2017-01-25T11:27:26","guid":{"rendered":"http:\/\/estudiovillano.com\/estudio\/?page_id=105"},"modified":"2020-02-27T08:57:22","modified_gmt":"2020-02-27T08:57:22","slug":"estudio-villano-abogados-marcas-patentes-servicios","status":"publish","type":"page","link":"https:\/\/estudiovillano.com\/estudio\/estudio-villano-abogados-marcas-patentes-servicios\/","title":{"rendered":"Servicios"},"content":{"rendered":"<p>[et_pb_section bb_built=\u00bb1&#8243; custom_padding_last_edited=\u00bbon|desktop\u00bb _builder_version=\u00bb3.12.2&#8243; custom_padding=\u00bb5px||0px|\u00bb custom_padding_tablet=\u00bb50px|0|50px|0&#8243; custom_css_main_element=\u00bbborder-bottom: 3px solid #8E9D66;||padding: 0;\u00bb transparent_background=\u00bboff\u00bb next_background_color=\u00bb#dddddd\u00bb global_module=\u00bb663&#8243;][et_pb_row global_parent=\u00bb663&#8243; column_padding_mobile=\u00bbon\u00bb parallax_method_1=\u00bboff\u00bb parallax_method_2=\u00bboff\u00bb parallax_method_3=\u00bboff\u00bb _builder_version=\u00bb3.12.2&#8243; background_size=\u00bbinitial\u00bb background_position=\u00bbtop_left\u00bb background_repeat=\u00bbrepeat\u00bb custom_padding=\u00bb0px|||\u00bb][et_pb_column type=\u00bb1_3&#8243;][et_pb_image global_parent=\u00bb663&#8243; src=\u00bbhttp:\/\/estudiovillano.com\/estudio\/wp-content\/uploads\/2017\/01\/encabezado-logo-martindale.jpg\u00bb url=\u00bbhttp:\/\/www.martindale.com\/\u00bb url_new_window=\u00bbon\u00bb show_bottom_space=\u00bboff\u00bb align=\u00bbcenter\u00bb _builder_version=\u00bb3.0.87&#8243; animation_style=\u00bbslide\u00bb animation_direction=\u00bbbottom\u00bb animation_duration=\u00bb500ms\u00bb animation_intensity_slide=\u00bb10%\u00bb use_border_color=\u00bboff\u00bb border_color=\u00bb#ffffff\u00bb border_style=\u00bbsolid\u00bb animation=\u00bbbottom\u00bb sticky=\u00bbon\u00bb]<\/p>\n<p>&nbsp;<\/p>\n<p>[\/et_pb_image][\/et_pb_column][et_pb_column type=\u00bb1_3&#8243;][et_pb_image global_parent=\u00bb663&#8243; src=\u00bbhttp:\/\/estudiovillano.com\/estudio\/wp-content\/uploads\/2017\/01\/encabezado-logo-globalipattorneys.jpg\u00bb url=\u00bbhttp:\/\/www.globalipattorneys.com\/\u00bb url_new_window=\u00bbon\u00bb show_bottom_space=\u00bboff\u00bb align=\u00bbcenter\u00bb _builder_version=\u00bb3.12.2&#8243; animation_style=\u00bbslide\u00bb animation_direction=\u00bbbottom\u00bb animation_duration=\u00bb500ms\u00bb animation_intensity_slide=\u00bb10%\u00bb use_border_color=\u00bboff\u00bb border_color=\u00bb#ffffff\u00bb border_style=\u00bbsolid\u00bb animation=\u00bbbottom\u00bb sticky=\u00bbon\u00bb]<\/p>\n<p>&nbsp;<\/p>\n<p>[\/et_pb_image][\/et_pb_column][et_pb_column type=\u00bb1_3&#8243;][et_pb_image global_parent=\u00bb663&#8243; src=\u00bbhttp:\/\/estudiovillano.com\/estudio\/wp-content\/uploads\/2020\/02\/smd-country-index2.jpg\u00bb url=\u00bbhttps:\/\/www.country-index.com\/\u00bb url_new_window=\u00bbon\u00bb show_bottom_space=\u00bboff\u00bb align=\u00bbcenter\u00bb _builder_version=\u00bb3.12.2&#8243; animation_style=\u00bbslide\u00bb animation_direction=\u00bbbottom\u00bb animation_duration=\u00bb500ms\u00bb animation_intensity_slide=\u00bb10%\u00bb use_border_color=\u00bboff\u00bb border_color=\u00bb#ffffff\u00bb border_style=\u00bbsolid\u00bb animation=\u00bbbottom\u00bb sticky=\u00bbon\u00bb]<\/p>\n<p>&nbsp;<\/p>\n<p>[\/et_pb_image][\/et_pb_column][\/et_pb_row][\/et_pb_section][et_pb_section bb_built=\u00bb1&#8243; admin_label=\u00bbsection\u00bb background_color=\u00bb#dddddd\u00bb parallax_method=\u00bboff\u00bb custom_padding_tablet=\u00bb50px|0|50px|0&#8243; custom_padding_last_edited=\u00bbon|desktop\u00bb prev_background_color=\u00bb#ffffff\u00bb next_background_color=\u00bb#ffffff\u00bb _builder_version=\u00bb3.12.2&#8243; custom_margin=\u00bb0px|||\u00bb custom_padding=\u00bb0px|||\u00bb][et_pb_row _builder_version=\u00bb3.12.2&#8243; custom_padding=\u00bb0px|||\u00bb][et_pb_column type=\u00bb4_4&#8243;][et_pb_text global_parent=\u00bb190&#8243; use_border_color=\u00bboff\u00bb custom_margin=\u00bb18px|||\u00bb background_position=\u00bbtop_left\u00bb background_repeat=\u00bbrepeat\u00bb background_size=\u00bbinitial\u00bb module_alignment=\u00bbcenter\u00bb _builder_version=\u00bb3.12.2&#8243;]<\/p>\n<p>Usted est\u00e1 en: <strong>SERVICIOS<\/strong><\/p>\n<p>[\/et_pb_text][\/et_pb_column][\/et_pb_row][et_pb_row admin_label=\u00bbrow\u00bb background_position=\u00bbtop_left\u00bb background_repeat=\u00bbrepeat\u00bb background_size=\u00bbinitial\u00bb][et_pb_column type=\u00bb1_2&#8243;][et_pb_image src=\u00bbhttp:\/\/estudiovillano.com\/estudio\/wp-content\/uploads\/2017\/01\/estudio-villano-abogados-servicios.jpg\u00bb show_in_lightbox=\u00bboff\u00bb url_new_window=\u00bboff\u00bb use_overlay=\u00bboff\u00bb animation=\u00bbleft\u00bb sticky=\u00bboff\u00bb align=\u00bbleft\u00bb force_fullwidth=\u00bboff\u00bb always_center_on_mobile=\u00bbon\u00bb use_border_color=\u00bboff\u00bb border_color=\u00bb#ffffff\u00bb border_style=\u00bbsolid\u00bb animation_style=\u00bbslide\u00bb animation_duration=\u00bb500ms\u00bb animation_intensity_slide=\u00bb10%\u00bb animation_direction=\u00bbleft\u00bb show_bottom_space=\u00bbon\u00bb]<\/p>\n<p>&nbsp;<\/p>\n<p>[\/et_pb_image][\/et_pb_column][et_pb_column type=\u00bb1_2&#8243;][et_pb_divider color=\u00bb#ffffff\u00bb show_divider=\u00bboff\u00bb height=\u00bb5&#8243; divider_style=\u00bbsolid\u00bb divider_position=\u00bbtop\u00bb hide_on_mobile=\u00bbon\u00bb disabled_on=\u00bbon|on|off\u00bb]<\/p>\n<p>&nbsp;<\/p>\n<p>[\/et_pb_divider][et_pb_text background_layout=\u00bblight\u00bb text_orientation=\u00bbleft\u00bb use_border_color=\u00bboff\u00bb border_color=\u00bb#ffffff\u00bb border_style=\u00bbsolid\u00bb background_position=\u00bbtop_left\u00bb background_repeat=\u00bbrepeat\u00bb background_size=\u00bbinitial\u00bb]<\/p>\n<h3>Servicios que brinda el Estudio<\/h3>\n<p>Asesoramos, representamos y patrocinamos a nuestros clientes individuales y corporativos en asuntos:<\/p>\n<p>Ambientales &#8211; Civiles &#8211; Comerciales &#8211; Del consumidor y competencia desleal &#8211; Dise\u00f1os y modelos industriales &#8211; Laborales y de la Seguridad Social &#8211; Marcas &#8211; Patentes y modelos de utilidad &#8211; Propiedad intelectual y derechos de autor &#8211; Transporte mar\u00edtimo, terrestre y a\u00e9reo. Comercio exterior &#8211; Tributarios e impositivos<\/p>\n<p>[\/et_pb_text][\/et_pb_column][\/et_pb_row][\/et_pb_section][et_pb_section bb_built=\u00bb1&#8243; fullwidth=\u00bboff\u00bb specialty=\u00bboff\u00bb prev_background_color=\u00bb#dddddd\u00bb][et_pb_row background_position=\u00bbtop_left\u00bb background_repeat=\u00bbrepeat\u00bb background_size=\u00bbinitial\u00bb][et_pb_column type=\u00bb2_3&#8243;][et_pb_accordion use_border_color=\u00bbon\u00bb border_color=\u00bb#adadad\u00bb border_style=\u00bbsolid\u00bb open_toggle_background_color=\u00bb#ededed\u00bb closed_toggle_background_color=\u00bb#046381&#8243; icon_color=\u00bb#ffffff\u00bb closed_toggle_text_color=\u00bb#ffffff\u00bb border_color_all=\u00bb#adadad\u00bb border_width_all=\u00bb1px\u00bb border_style_all=\u00bbsolid\u00bb][et_pb_accordion_item title=\u00bbAMBIENTALES\u00bb]<\/p>\n<p><a href=\"http:\/\/estudiovillano.com\/estudio\/wp-content\/uploads\/2017\/01\/servicios-imagen-ambiental-1.jpg\"><img loading=\"lazy\" decoding=\"async\" class=\"alignnone size-full wp-image-197\" src=\"http:\/\/estudiovillano.com\/estudio\/wp-content\/uploads\/2017\/01\/servicios-imagen-ambiental-1.jpg\" alt=\"servicios-imagen-ambiental\" width=\"400\" height=\"70\" srcset=\"https:\/\/estudiovillano.com\/estudio\/wp-content\/uploads\/2017\/01\/servicios-imagen-ambiental-1.jpg 400w, https:\/\/estudiovillano.com\/estudio\/wp-content\/uploads\/2017\/01\/servicios-imagen-ambiental-1-300x53.jpg 300w\" sizes=\"auto, (max-width: 400px) 100vw, 400px\" \/><\/a><\/p>\n<p>Estudios de Impacto Ambiental y Auditor\u00edas Ambientales a fin de asegurar el cumplimiento de exigencias fijadas por las normas legales aplicables a las actividades que desarrolla el cliente, tanto en el orden nacional, provincial como municipal.<br \/>\nAsesoramiento en materia de seguros ambientales. Representaci\u00f3n y defensa ante reclamos civiles por contaminaci\u00f3n y da\u00f1o ambiental.<br \/>\nRealizaci\u00f3n de auditor\u00edas legales, due diligence ambientales y asesoramiento legal especializado en remediaci\u00f3n y pasivos ambientales en plantas y dep\u00f3sitos industriales.<\/p>\n<p>[\/et_pb_accordion_item][et_pb_accordion_item title=\u00bbCIVILES\u00bb]<\/p>\n<p><a href=\"http:\/\/estudiovillano.com\/estudio\/wp-content\/uploads\/2017\/01\/servicios-imagen-civiles.jpg\"><img loading=\"lazy\" decoding=\"async\" class=\"alignnone size-full wp-image-198\" src=\"http:\/\/estudiovillano.com\/estudio\/wp-content\/uploads\/2017\/01\/servicios-imagen-civiles.jpg\" alt=\"servicios-imagen-civiles\" width=\"400\" height=\"70\" srcset=\"https:\/\/estudiovillano.com\/estudio\/wp-content\/uploads\/2017\/01\/servicios-imagen-civiles.jpg 400w, https:\/\/estudiovillano.com\/estudio\/wp-content\/uploads\/2017\/01\/servicios-imagen-civiles-300x53.jpg 300w\" sizes=\"auto, (max-width: 400px) 100vw, 400px\" \/><\/a><\/p>\n<p>Da\u00f1os y perjuicios derivados de responsabilidad contractual (incumplimientos contractuales, hipotecas, prendas) y extracontractual (accidentes de tr\u00e1nsito, da\u00f1os en la v\u00eda p\u00fablica) sucesiones, divorcios, acuerdos particionales, divisi\u00f3n de condominio.<\/p>\n<p>[\/et_pb_accordion_item][et_pb_accordion_item title=\u00bbCOMERCIALES\u00bb]<\/p>\n<p><a href=\"http:\/\/estudiovillano.com\/estudio\/wp-content\/uploads\/2017\/01\/servicios-imagen-comerciales.jpg\"><img loading=\"lazy\" decoding=\"async\" class=\"alignnone size-full wp-image-200\" src=\"http:\/\/estudiovillano.com\/estudio\/wp-content\/uploads\/2017\/01\/servicios-imagen-comerciales.jpg\" alt=\"servicios-imagen-comerciales\" width=\"400\" height=\"70\" srcset=\"https:\/\/estudiovillano.com\/estudio\/wp-content\/uploads\/2017\/01\/servicios-imagen-comerciales.jpg 400w, https:\/\/estudiovillano.com\/estudio\/wp-content\/uploads\/2017\/01\/servicios-imagen-comerciales-300x53.jpg 300w\" sizes=\"auto, (max-width: 400px) 100vw, 400px\" \/><\/a><\/p>\n<p>Negociaci\u00f3n y redacci\u00f3n de contratos comerciales, de representaci\u00f3n, franquicias y licencias incluidas las cuestiones marcarias y tributarias relacionadas.<br \/>\nConstituci\u00f3n de sociedades, tr\u00e1mites ante la Inspecci\u00f3n General de Justicia, acuerdos de accionistas, impugnaci\u00f3n de decisiones asamblearias, asesoramiento y representaci\u00f3n de directores, accionistas y s\u00edndicos en conflictos societarios, adquisici\u00f3n y venta de empresas, fusiones y adquisiciones.<br \/>\nPresentaci\u00f3n en concurso preventivo, verificaciones de cr\u00e9dito, incidentes de revisi\u00f3n de cr\u00e9ditos rechazados y cuestiones conexas vinculadas al proceso concursal o falencial.<br \/>\nEjecuciones de t\u00edtulos de cr\u00e9dito, facturas, constituci\u00f3n y ejecuci\u00f3n de garant\u00edas de pago (hipotecas, prendas) fianzas, avales, levantamiento de embargos e inhibiciones personales, cheques, pagar\u00e9s.<\/p>\n<p>[\/et_pb_accordion_item][et_pb_accordion_item title=\u00bbDISE\u00d1OS Y MODELOS INDUSTRIALES\u00bb]<\/p>\n<p><a href=\"http:\/\/estudiovillano.com\/estudio\/wp-content\/uploads\/2017\/01\/servicios-imagen-industrial.jpg\"><img loading=\"lazy\" decoding=\"async\" class=\"alignnone size-full wp-image-202\" src=\"http:\/\/estudiovillano.com\/estudio\/wp-content\/uploads\/2017\/01\/servicios-imagen-industrial.jpg\" alt=\"servicios-imagen-industrial\" width=\"400\" height=\"70\" srcset=\"https:\/\/estudiovillano.com\/estudio\/wp-content\/uploads\/2017\/01\/servicios-imagen-industrial.jpg 400w, https:\/\/estudiovillano.com\/estudio\/wp-content\/uploads\/2017\/01\/servicios-imagen-industrial-300x53.jpg 300w\" sizes=\"auto, (max-width: 400px) 100vw, 400px\" \/><\/a><\/p>\n<p>Inscripci\u00f3n registral de creaciones humanas que representen formas incorporadas o aspectos aplicados a un producto industrial y le confieran car\u00e1cter ornamental.<\/p>\n<p>[\/et_pb_accordion_item][et_pb_accordion_item title=\u00bbMARCAS\u00bb]<\/p>\n<p><a href=\"http:\/\/estudiovillano.com\/estudio\/wp-content\/uploads\/2017\/01\/servicios-imagen-marcas.jpg\"><img loading=\"lazy\" decoding=\"async\" class=\"alignnone size-full wp-image-203\" src=\"http:\/\/estudiovillano.com\/estudio\/wp-content\/uploads\/2017\/01\/servicios-imagen-marcas.jpg\" alt=\"servicios-imagen-marcas\" width=\"400\" height=\"70\" srcset=\"https:\/\/estudiovillano.com\/estudio\/wp-content\/uploads\/2017\/01\/servicios-imagen-marcas.jpg 400w, https:\/\/estudiovillano.com\/estudio\/wp-content\/uploads\/2017\/01\/servicios-imagen-marcas-300x53.jpg 300w\" sizes=\"auto, (max-width: 400px) 100vw, 400px\" \/><\/a><\/p>\n<p>Asesoramiento legal y t\u00e9cnico, ingenier\u00eda marcaria, ideas creativas, estudios de factibilidad comercial sobre productos y servicios a promocionar.<br \/>\nEstudios de antecedentes, presentaci\u00f3n de solicitudes, seguimiento y gestiones ante el Instituto Nacional de la Propiedad Industrial (INPI) para la obtenci\u00f3n del t\u00edtulo de propiedad, presentaci\u00f3n de oposiciones, negociaci\u00f3n de levantamiento de oposiciones de terceros, contestaci\u00f3n de vistas administrativas y custodia de marcas ya registradas.<\/p>\n<p>[\/et_pb_accordion_item][et_pb_accordion_item title=\u00bbPROPIEDAD INTELECTUAL Y DERECHOS DE AUTOR\u00bb]<\/p>\n<p><a href=\"http:\/\/estudiovillano.com\/estudio\/wp-content\/uploads\/2017\/01\/servicios-imagen-autor.jpg\"><img loading=\"lazy\" decoding=\"async\" class=\"alignnone size-full wp-image-204\" src=\"http:\/\/estudiovillano.com\/estudio\/wp-content\/uploads\/2017\/01\/servicios-imagen-autor.jpg\" alt=\"servicios-imagen-autor\" width=\"400\" height=\"70\" srcset=\"https:\/\/estudiovillano.com\/estudio\/wp-content\/uploads\/2017\/01\/servicios-imagen-autor.jpg 400w, https:\/\/estudiovillano.com\/estudio\/wp-content\/uploads\/2017\/01\/servicios-imagen-autor-300x53.jpg 300w\" sizes=\"auto, (max-width: 400px) 100vw, 400px\" \/><\/a><\/p>\n<p>Registro de obras ante la Direcci\u00f3n Nacional de Derecho de Autor. Negociaci\u00f3n extrajudicial y defensa judicial de los intereses de nuestros clientes vinculados a estos temas.<\/p>\n<p>[\/et_pb_accordion_item][et_pb_accordion_item title=\u00bbDEL CONSUMIDOR Y COMPETENCIA DESLEAL\u00bb]<\/p>\n<p><a href=\"http:\/\/estudiovillano.com\/estudio\/wp-content\/uploads\/2017\/01\/servicios-imagen-consumidor.jpg\"><img loading=\"lazy\" decoding=\"async\" class=\"alignnone size-full wp-image-205\" src=\"http:\/\/estudiovillano.com\/estudio\/wp-content\/uploads\/2017\/01\/servicios-imagen-consumidor.jpg\" alt=\"servicios-imagen-consumidor\" width=\"400\" height=\"70\" srcset=\"https:\/\/estudiovillano.com\/estudio\/wp-content\/uploads\/2017\/01\/servicios-imagen-consumidor.jpg 400w, https:\/\/estudiovillano.com\/estudio\/wp-content\/uploads\/2017\/01\/servicios-imagen-consumidor-300x53.jpg 300w\" sizes=\"auto, (max-width: 400px) 100vw, 400px\" \/><\/a><\/p>\n<p>Atenci\u00f3n de conflictos en este \u00e1mbito, generalmente vinculados a la utilizaci\u00f3n de marcas y designaciones comerciales.<\/p>\n<p>[\/et_pb_accordion_item][et_pb_accordion_item title=\u00bbLABORALES Y DE LA SEGURIDAD SOCIAL\u00bb]<\/p>\n<p><a href=\"http:\/\/estudiovillano.com\/estudio\/wp-content\/uploads\/2017\/01\/servicios-imagen-laborales.jpg\"><img loading=\"lazy\" decoding=\"async\" class=\"alignnone size-full wp-image-206\" src=\"http:\/\/estudiovillano.com\/estudio\/wp-content\/uploads\/2017\/01\/servicios-imagen-laborales.jpg\" alt=\"servicios-imagen-laborales\" width=\"400\" height=\"70\" srcset=\"https:\/\/estudiovillano.com\/estudio\/wp-content\/uploads\/2017\/01\/servicios-imagen-laborales.jpg 400w, https:\/\/estudiovillano.com\/estudio\/wp-content\/uploads\/2017\/01\/servicios-imagen-laborales-300x53.jpg 300w\" sizes=\"auto, (max-width: 400px) 100vw, 400px\" \/><\/a><\/p>\n<p>Conflictos legales en el \u00e1mbito laboral, reclamos de trabajadores, viajantes de comercio, negociaci\u00f3n y conciliaci\u00f3n en instancia administrativa (SECLO y Ministerio de Trabajo de la Provincia de Buenos Aires) y representaci\u00f3n legal en sede judicial en Capital Federal y provincia de Buenos Aires.<br \/>\nAsesoramos, representamos y patrocinamos a nuestros clientes en la redacci\u00f3n de convenios colectivos de trabajo, en negociaciones con sindicatos y en defensas ante multas y sanciones impuestas por organismos de la seguridad social.<\/p>\n<p>[\/et_pb_accordion_item][et_pb_accordion_item title=\u00bbPATENTES Y MODELOS DE UTILIDAD\u00bb]<\/p>\n<p><a href=\"http:\/\/estudiovillano.com\/estudio\/wp-content\/uploads\/2017\/01\/servicios-imagen-patentes.jpg\"><img loading=\"lazy\" decoding=\"async\" class=\"alignnone size-full wp-image-207\" src=\"http:\/\/estudiovillano.com\/estudio\/wp-content\/uploads\/2017\/01\/servicios-imagen-patentes.jpg\" alt=\"servicios-imagen-patentes\" width=\"400\" height=\"70\" srcset=\"https:\/\/estudiovillano.com\/estudio\/wp-content\/uploads\/2017\/01\/servicios-imagen-patentes.jpg 400w, https:\/\/estudiovillano.com\/estudio\/wp-content\/uploads\/2017\/01\/servicios-imagen-patentes-300x53.jpg 300w\" sizes=\"auto, (max-width: 400px) 100vw, 400px\" \/><\/a><\/p>\n<p>Asesoramiento, presentaci\u00f3n y gesti\u00f3n de proyectos que impliquen novedad, actividad inventiva y aplicaci\u00f3n industrial para obtener el t\u00edtulo de una Patente, o solamente novedad y aplicaci\u00f3n industrial para obtener el derecho sobre un Modelo de Utilidad.<\/p>\n<p>[\/et_pb_accordion_item][et_pb_accordion_item title=\u00bbTRANSPORTE MAR\u00cdTIMO, TERRESTRE Y AEREO. COMERCIO EXT.\u00bb]<\/p>\n<p><a href=\"http:\/\/estudiovillano.com\/estudio\/wp-content\/uploads\/2017\/01\/servicios-imagen-transporte.jpg\"><img loading=\"lazy\" decoding=\"async\" class=\"alignnone size-full wp-image-208\" src=\"http:\/\/estudiovillano.com\/estudio\/wp-content\/uploads\/2017\/01\/servicios-imagen-transporte.jpg\" alt=\"servicios-imagen-transporte\" width=\"400\" height=\"70\" srcset=\"https:\/\/estudiovillano.com\/estudio\/wp-content\/uploads\/2017\/01\/servicios-imagen-transporte.jpg 400w, https:\/\/estudiovillano.com\/estudio\/wp-content\/uploads\/2017\/01\/servicios-imagen-transporte-300x53.jpg 300w\" sizes=\"auto, (max-width: 400px) 100vw, 400px\" \/><\/a><\/p>\n<p>Negociaci\u00f3n y redacci\u00f3n de cartas de garant\u00eda (Letters of Indemnity), cl\u00e1usulas de reserva, negociaci\u00f3n de contratos de fletamento, leasing, asesoramiento para la financiaci\u00f3n de buques y aeronaves y de unidades de transporte terrestre de pasajeros y carga, conflictos por responsabilidad de transportistas, freight forwarders, terminales portuarias y puertos.<br \/>\nAsesoramiento, representaci\u00f3n y patrocinio frente a reclamos por da\u00f1os a la carga y responsabilidad del transportista mar\u00edtimo, terrestre y a\u00e9reo y terminales portuarias.<br \/>\nMedidas cautelares: embargo e interdicci\u00f3n de salida de buques y aeronaves y defensa frente al secuestro de unidades de transporte terrestre de carga y pasajeros.<\/p>\n<p>[\/et_pb_accordion_item][et_pb_accordion_item title=\u00bbTRIBUTARIOS E IMPOSITIVOS\u00bb]<\/p>\n<p><a href=\"http:\/\/estudiovillano.com\/estudio\/wp-content\/uploads\/2017\/01\/servicios-imagen-tributario.jpg\"><img loading=\"lazy\" decoding=\"async\" class=\"alignnone size-full wp-image-209\" src=\"http:\/\/estudiovillano.com\/estudio\/wp-content\/uploads\/2017\/01\/servicios-imagen-tributario.jpg\" alt=\"servicios-imagen-tributario\" width=\"400\" height=\"70\" srcset=\"https:\/\/estudiovillano.com\/estudio\/wp-content\/uploads\/2017\/01\/servicios-imagen-tributario.jpg 400w, https:\/\/estudiovillano.com\/estudio\/wp-content\/uploads\/2017\/01\/servicios-imagen-tributario-300x53.jpg 300w\" sizes=\"auto, (max-width: 400px) 100vw, 400px\" \/><\/a><\/p>\n<p>Dise\u00f1o de estructuras societarias e impositivas. Tax planning.<br \/>\nDefensa en sede administrativa y judicial frente a clausuras, inspecciones, multas y reclamos por tributos, tasas e impuestos efectuados por la Administraci\u00f3n Nacional de Aduanas, la Administraci\u00f3n Federal de Ingresos P\u00fablicos (AFIP) u otros organismos estatales.<\/p>\n<p>[\/et_pb_accordion_item][\/et_pb_accordion][\/et_pb_column][et_pb_column type=\u00bb1_3&#8243;][et_pb_sidebar orientation=\u00bbright\u00bb area=\u00bbet_pb_widget_area_1&#8243; background_layout=\u00bblight\u00bb remove_border=\u00bboff\u00bb show_border=\u00bbon\u00bb]<\/p>\n<p>&nbsp;<\/p>\n<p>[\/et_pb_sidebar][\/et_pb_column][\/et_pb_row][\/et_pb_section]<\/p>\n","protected":false},"excerpt":{"rendered":"<p>[et_pb_section bb_built=\u00bb1&#8243; custom_padding_last_edited=\u00bbon|desktop\u00bb _builder_version=\u00bb3.12.2&#8243; custom_padding=\u00bb5px||0px|\u00bb custom_padding_tablet=\u00bb50px|0|50px|0&#8243; custom_css_main_element=\u00bbborder-bottom: 3px solid #8E9D66;||padding: 0;\u00bb transparent_background=\u00bboff\u00bb next_background_color=\u00bb#dddddd\u00bb global_module=\u00bb663&#8243;][et_pb_row global_parent=\u00bb663&#8243; column_padding_mobile=\u00bbon\u00bb parallax_method_1=\u00bboff\u00bb parallax_method_2=\u00bboff\u00bb parallax_method_3=\u00bboff\u00bb _builder_version=\u00bb3.12.2&#8243; background_size=\u00bbinitial\u00bb background_position=\u00bbtop_left\u00bb background_repeat=\u00bbrepeat\u00bb custom_padding=\u00bb0px|||\u00bb][et_pb_column type=\u00bb1_3&#8243;][et_pb_image global_parent=\u00bb663&#8243; src=\u00bbhttp:\/\/estudiovillano.com\/estudio\/wp-content\/uploads\/2017\/01\/encabezado-logo-martindale.jpg\u00bb url=\u00bbhttp:\/\/www.martindale.com\/\u00bb url_new_window=\u00bbon\u00bb show_bottom_space=\u00bboff\u00bb align=\u00bbcenter\u00bb _builder_version=\u00bb3.0.87&#8243; animation_style=\u00bbslide\u00bb animation_direction=\u00bbbottom\u00bb animation_duration=\u00bb500ms\u00bb animation_intensity_slide=\u00bb10%\u00bb use_border_color=\u00bboff\u00bb border_color=\u00bb#ffffff\u00bb border_style=\u00bbsolid\u00bb animation=\u00bbbottom\u00bb sticky=\u00bbon\u00bb] &nbsp; [\/et_pb_image][\/et_pb_column][et_pb_column type=\u00bb1_3&#8243;][et_pb_image global_parent=\u00bb663&#8243; src=\u00bbhttp:\/\/estudiovillano.com\/estudio\/wp-content\/uploads\/2017\/01\/encabezado-logo-globalipattorneys.jpg\u00bb url=\u00bbhttp:\/\/www.globalipattorneys.com\/\u00bb url_new_window=\u00bbon\u00bb show_bottom_space=\u00bboff\u00bb align=\u00bbcenter\u00bb _builder_version=\u00bb3.12.2&#8243; animation_style=\u00bbslide\u00bb animation_direction=\u00bbbottom\u00bb animation_duration=\u00bb500ms\u00bb animation_intensity_slide=\u00bb10%\u00bb [&hellip;]<\/p>\n","protected":false},"author":3,"featured_media":0,"parent":0,"menu_order":2,"comment_status":"closed","ping_status":"closed","template":"","meta":{"footnotes":""},"class_list":["post-105","page","type-page","status-publish","hentry"],"_links":{"self":[{"href":"https:\/\/estudiovillano.com\/estudio\/wp-json\/wp\/v2\/pages\/105","targetHints":{"allow":["GET"]}}],"collection":[{"href":"https:\/\/estudiovillano.com\/estudio\/wp-json\/wp\/v2\/pages"}],"about":[{"href":"https:\/\/estudiovillano.com\/estudio\/wp-json\/wp\/v2\/types\/page"}],"author":[{"embeddable":true,"href":"https:\/\/estudiovillano.com\/estudio\/wp-json\/wp\/v2\/users\/3"}],"replies":[{"embeddable":true,"href":"https:\/\/estudiovillano.com\/estudio\/wp-json\/wp\/v2\/comments?post=105"}],"version-history":[{"count":31,"href":"https:\/\/estudiovillano.com\/estudio\/wp-json\/wp\/v2\/pages\/105\/revisions"}],"predecessor-version":[{"id":667,"href":"https:\/\/estudiovillano.com\/estudio\/wp-json\/wp\/v2\/pages\/105\/revisions\/667"}],"wp:attachment":[{"href":"https:\/\/estudiovillano.com\/estudio\/wp-json\/wp\/v2\/media?parent=105"}],"curies":[{"name":"wp","href":"https:\/\/api.w.org\/{rel}","templated":true}]}}